{"id":2,"date":"2025-04-14T11:54:37","date_gmt":"2025-04-14T09:54:37","guid":{"rendered":"https:\/\/homer.teddysoft.at\/wordpress\/?page_id=2"},"modified":"2025-04-14T21:24:06","modified_gmt":"2025-04-14T19:24:06","slug":"startseite","status":"publish","type":"page","link":"https:\/\/homer.teddysoft.at\/wordpress\/startseite\/","title":{"rendered":"Willkommen"},"content":{"rendered":"\n<p><\/p>\n\n\n\n<p><strong>Herzlich willkommen auf unserer Homepage <\/strong><\/p>\n\n\n\n<p>Wir sind ein musikbegeistertes und naturverbundenes Duo aus Zurndorf \u2013 mit Leidenschaft f\u00fcr Kl\u00e4nge, gr\u00fcne Oasen und kleine Abenteuer.<\/p>\n\n\n\n<p>\ud83c\udf38&nbsp;<strong>Japan-Reise im April:<\/strong><br>Bald geht\u2019s auf unser gro\u00dfes Abenteuer: Wir erkunden&nbsp;<strong>Japan<\/strong>&nbsp;\u2013 von Zen-G\u00e4rten \u00fcber quirlige St\u00e4dte bis hin zur einzigartigen Vogelwelt. Freut euch auf Fotos und Geschichten!<\/p>\n\n\n\n<p>\ud83c\udf3f&nbsp;<strong>Unser gr\u00fcnes Reich:<\/strong><br>Im Garten schaffen wir ein Paradies nicht nur f\u00fcr uns, sondern auch f\u00fcr V\u00f6gel und Insekten. Beim&nbsp;<strong>Birding<\/strong>&nbsp;beobachten wir mit Begeisterung die gefiederten G\u00e4ste \u2013 von Buntspechten bis zu seltenen Zugv\u00f6geln.<\/p>\n\n\n\n<p>\ud83d\udeb4\u200d\u2642\ufe0f&nbsp;<strong>Unterwegs auf zwei R\u00e4dern:<\/strong><br>Radfahren ist f\u00fcr uns Freiheit pur! Ob gem\u00fctliche Touren durch die pannonische Landschaft oder ausgedehnte Ausfl\u00fcge \u2013 wir lieben es, die Natur im Vorbeifahren zu genie\u00dfen.<\/p>\n\n\n\n<p>\ud83c\udfb8&nbsp;<strong>Musik liegt uns im Blut:<\/strong><br>Gerwin groovt als Bassist bei der&nbsp;<strong>Rockband Backyard <\/strong>am Bass, w\u00e4hrend Martina ihre Stimme gerne zu krachendem <strong>Metall<\/strong> erklingen l\u00e4sst. Ob auf der B\u00fchne oder einfach zu Hause \u2013 Musik verbindet uns.<\/p>\n\n\n\n<p>\u267b\ufe0f&nbsp;<strong>Projekt \u201eGr\u00fcner Daumen\u201c:<\/strong><br>In unserer Heimatgemeinde&nbsp;<strong>Zurndorf<\/strong>&nbsp;renaturieren wir im Verein &#8222;Gr\u00fcner Daumen&#8220; Fl\u00e4chen \u2013 weil jede Wildblumenwiese und jeder naturnahe Fleck z\u00e4hlt.<\/p>\n\n\n\n<p>Schaut euch um, bleibt ein wenig \u2013 und vielleicht inspiriert euch ja das eine oder andere Thema!<\/p>\n\n\n\n<p><em>Martina &amp; Gerwin<\/em><\/p>\n\n\n\n<figure class=\"wp-block-image size-full is-resized is-style-rounded\"><img loading=\"lazy\" decoding=\"async\" src=\"https:\/\/homer.teddysoft.at\/wordpress\/wp-content\/uploads\/2025\/04\/Hello-Kitty.png\" alt=\"\" class=\"wp-image-46\" width=\"157\" height=\"142\" srcset=\"https:\/\/homer.teddysoft.at\/wordpress\/wp-content\/uploads\/2025\/04\/Hello-Kitty.png 628w, https:\/\/homer.teddysoft.at\/wordpress\/wp-content\/uploads\/2025\/04\/Hello-Kitty-300x271.png 300w\" sizes=\"auto, (max-width: 157px) 100vw, 157px\" \/><\/figure>\n\n\n\n<figure class=\"wp-block-image size-large is-resized is-style-rounded\"><img loading=\"lazy\" decoding=\"async\" src=\"https:\/\/homer.teddysoft.at\/wordpress\/wp-content\/uploads\/2025\/04\/Spongebob-1024x1024.png\" alt=\"\" class=\"wp-image-45\" width=\"140\" height=\"140\" srcset=\"https:\/\/homer.teddysoft.at\/wordpress\/wp-content\/uploads\/2025\/04\/Spongebob-1024x1024.png 1024w, https:\/\/homer.teddysoft.at\/wordpress\/wp-content\/uploads\/2025\/04\/Spongebob-300x300.png 300w, https:\/\/homer.teddysoft.at\/wordpress\/wp-content\/uploads\/2025\/04\/Spongebob-150x150.png 150w, https:\/\/homer.teddysoft.at\/wordpress\/wp-content\/uploads\/2025\/04\/Spongebob-768x768.png 768w, https:\/\/homer.teddysoft.at\/wordpress\/wp-content\/uploads\/2025\/04\/Spongebob.png 1329w\" sizes=\"auto, (max-width: 140px) 100vw, 140px\" \/><\/figure>\n","protected":false},"excerpt":{"rendered":"<p>Herzlich willkommen auf unserer Homepage Wir sind ein musikbegeistertes und naturverbundenes Duo aus Zurndorf \u2013 mit Leidenschaft f\u00fcr Kl\u00e4nge, gr\u00fcne Oasen und kleine Abenteuer. \ud83c\udf38&nbsp;Japan-Reise im April:Bald geht\u2019s auf unser gro\u00dfes Abenteuer: Wir erkunden&nbsp;Japan&nbsp;\u2013 von Zen-G\u00e4rten \u00fcber quirlige St\u00e4dte bis hin zur einzigartigen Vogelwelt. Freut euch auf Fotos und Geschichten! \ud83c\udf3f&nbsp;Unser gr\u00fcnes Reich:Im Garten schaffen [&hellip;]<\/p>\n","protected":false},"author":1,"featured_media":0,"parent":0,"menu_order":0,"comment_status":"closed","ping_status":"closed","template":"","meta":{"footnotes":""},"class_list":["post-2","page","type-page","status-publish","hentry"],"_links":{"self":[{"href":"https:\/\/homer.teddysoft.at\/wordpress\/wp-json\/wp\/v2\/pages\/2","targetHints":{"allow":["GET"]}}],"collection":[{"href":"https:\/\/homer.teddysoft.at\/wordpress\/wp-json\/wp\/v2\/pages"}],"about":[{"href":"https:\/\/homer.teddysoft.at\/wordpress\/wp-json\/wp\/v2\/types\/page"}],"author":[{"embeddable":true,"href":"https:\/\/homer.teddysoft.at\/wordpress\/wp-json\/wp\/v2\/users\/1"}],"replies":[{"embeddable":true,"href":"https:\/\/homer.teddysoft.at\/wordpress\/wp-json\/wp\/v2\/comments?post=2"}],"version-history":[{"count":7,"href":"https:\/\/homer.teddysoft.at\/wordpress\/wp-json\/wp\/v2\/pages\/2\/revisions"}],"predecessor-version":[{"id":49,"href":"https:\/\/homer.teddysoft.at\/wordpress\/wp-json\/wp\/v2\/pages\/2\/revisions\/49"}],"wp:attachment":[{"href":"https:\/\/homer.teddysoft.at\/wordpress\/wp-json\/wp\/v2\/media?parent=2"}],"curies":[{"name":"wp","href":"https:\/\/api.w.org\/{rel}","templated":true}]}}